{"id":18,"date":"2016-08-25T08:49:01","date_gmt":"2016-08-25T06:49:01","guid":{"rendered":"http:\/\/milas.v22015032739124120.yourvserver.net\/wordpress\/?page_id=18"},"modified":"2016-11-18T10:07:13","modified_gmt":"2016-11-18T09:07:13","slug":"ueber-mich","status":"publish","type":"page","link":"http:\/\/www.milas-innenausbau.de\/?page_id=18","title":{"rendered":"\u00dcber mich"},"content":{"rendered":"<p>Ich wurde im Jahr 1972 in Polen geboren. Schon fr\u00fch stellte ich fest, dass mir handwerkliches Arbeiten viel Spa\u00df bereitet, so dass ich eine Ausbildung in diesem Bereich absolvierte.<\/p>\n<p>Da ich mit Leib und Seele Handwerker bin, war es fast logisch, mich in diesem Bereich selbstst\u00e4ndig zu machen und spezialisierte mich auf den Innenausbau\/Altbausanierung.<\/p>\n<p><a href=\"http:\/\/milas.v22015032739124120.yourvserver.net\/wordpress\/wp-content\/uploads\/2016\/10\/6.jpeg\"><img data-attachment-id=\"41\" data-permalink=\"http:\/\/www.milas-innenausbau.de\/?attachment_id=41\" data-orig-file=\"http:\/\/www.milas-innenausbau.de\/wp-content\/uploads\/2016\/10\/6.jpeg\" data-orig-size=\"1200,1600\" data-comments-opened=\"1\" data-image-meta=\"{&quot;aperture&quot;:&quot;0&quot;,&quot;credit&quot;:&quot;&quot;,&quot;camera&quot;:&quot;&quot;,&quot;caption&quot;:&quot;&quot;,&quot;created_timestamp&quot;:&quot;0&quot;,&quot;copyright&quot;:&quot;&quot;,&quot;focal_length&quot;:&quot;0&quot;,&quot;iso&quot;:&quot;0&quot;,&quot;shutter_speed&quot;:&quot;0&quot;,&quot;title&quot;:&quot;&quot;,&quot;orientation&quot;:&quot;1&quot;}\" data-image-title=\"Sanit\u00e4r\" data-image-description=\"\" data-image-caption=\"\" data-medium-file=\"http:\/\/www.milas-innenausbau.de\/wp-content\/uploads\/2016\/10\/6-225x300.jpeg\" data-large-file=\"http:\/\/www.milas-innenausbau.de\/wp-content\/uploads\/2016\/10\/6-768x1024.jpeg\" decoding=\"async\" loading=\"lazy\" class=\"alignnone size-medium wp-image-41\" src=\"http:\/\/milas.v22015032739124120.yourvserver.net\/wordpress\/wp-content\/uploads\/2016\/10\/6-225x300.jpeg\" alt=\"6\" width=\"225\" height=\"300\" srcset=\"http:\/\/www.milas-innenausbau.de\/wp-content\/uploads\/2016\/10\/6-225x300.jpeg 225w, http:\/\/www.milas-innenausbau.de\/wp-content\/uploads\/2016\/10\/6-768x1024.jpeg 768w, http:\/\/www.milas-innenausbau.de\/wp-content\/uploads\/2016\/10\/6.jpeg 1200w\" sizes=\"(max-width: 225px) 100vw, 225px\" \/><\/a><\/p>\n<p>Wichtig war es mir von Anfang an, dass der Service aus einer Hand kommt. Der Kunde hat nur einen Ansprechpartner und somit sind Probleme beim Bau schnell zu l\u00f6sen.<\/p>\n","protected":false},"excerpt":{"rendered":"<p>Ich wurde im Jahr 1972 in Polen geboren. Schon fr\u00fch stellte ich fest, dass mir handwerkliches Arbeiten viel Spa\u00df bereitet, so dass ich eine Ausbildung in diesem Bereich absolvierte. Da ich mit<a class=\"moretag\" href=\"http:\/\/www.milas-innenausbau.de\/?page_id=18\">Read More&#8230;<\/a><\/p>\n","protected":false},"author":1,"featured_media":0,"parent":0,"menu_order":0,"comment_status":"closed","ping_status":"closed","template":"","meta":[],"jetpack_sharing_enabled":true,"_links":{"self":[{"href":"http:\/\/www.milas-innenausbau.de\/index.php?rest_route=\/wp\/v2\/pages\/18"}],"collection":[{"href":"http:\/\/www.milas-innenausbau.de\/index.php?rest_route=\/wp\/v2\/pages"}],"about":[{"href":"http:\/\/www.milas-innenausbau.de\/index.php?rest_route=\/wp\/v2\/types\/page"}],"author":[{"embeddable":true,"href":"http:\/\/www.milas-innenausbau.de\/index.php?rest_route=\/wp\/v2\/users\/1"}],"replies":[{"embeddable":true,"href":"http:\/\/www.milas-innenausbau.de\/index.php?rest_route=%2Fwp%2Fv2%2Fcomments&post=18"}],"version-history":[{"count":7,"href":"http:\/\/www.milas-innenausbau.de\/index.php?rest_route=\/wp\/v2\/pages\/18\/revisions"}],"predecessor-version":[{"id":92,"href":"http:\/\/www.milas-innenausbau.de\/index.php?rest_route=\/wp\/v2\/pages\/18\/revisions\/92"}],"wp:attachment":[{"href":"http:\/\/www.milas-innenausbau.de\/index.php?rest_route=%2Fwp%2Fv2%2Fmedia&parent=18"}],"curies":[{"name":"wp","href":"https:\/\/api.w.org\/{rel}","templated":true}]}}